71
Let x = -94 + 126. What are the prime factors of x?
2
Suppose -2*f + 7 = -y + 92, -3*f + 438 = 5*y. Let v = 182 - y. List the prime factors of v.
5, 19
Suppose 2*f + 2*f - 2*d = 704, -2*f = -2*d - 356. Let g = f - -40. List the prime factors of g.
2, 107
Suppose 3*g - 8*g - 5 = 0. What are the prime factors of g*(-2)/8 - 3224/(-32)?
101
Suppose 2*g - 7*g = -115. Suppose 0 = g*p - 19*p - 480. List the prime factors of p.
2, 3, 5
Let y(w) = 6*w**2 + 33*w - 12. List the prime factors of y(-12).
2, 3, 19
Suppose d - 7 = -3*d + q, -2*d + 5*q - 1 = 0. Suppose -2*l + 112 = -d*p, 112 = -0*l + 2*l + 4*p. What are the prime factors of l?
2, 7
Suppose -4*r - 9 = -5. Let x be (-3)/((-9)/(-33))*r. Let n = x + -7. What are the prime factors of n?
2
Let y = 815 - 333. List the prime factors of y.
2, 241
Suppose -s = 5*s - 1578. Let r = 414 - s. What are the prime factors of r?
151
Let p = -1304 - -1906. List the prime factors of p.
2, 7, 43
Let r = -22 - -24. Suppose -3*m = 9, -h = -0*h - r*m - 47. What are the prime factors of h?
41
Let z = -38 - -61. Let d be -21*(z/(-3) - -2). Let y = d + -79. List the prime factors of y.
2, 5
List the prime factors of ((-136)/(-16) - 9)*(-6489 + 1).
2, 811
Suppose 0 = 2*w - 3*m - 33, -w - 87 = -6*w + 3*m. Let g = w + -17. Suppose -2*y = -u - 6, 5*y - 4*u - 11 - g = 0. List the prime factors of y.
2
Suppose 3*o - 21 + 6 = 0. Suppose 4*v + 82 - 358 = -o*n, 2*n - 4*v = 88. List the prime factors of n.
2, 13
Let g(f) = f**3 + 55*f**2 + 29*f - 109. List the prime factors of g(-53).
2, 3, 331
Let z be (8 - 1) + 1*2. Let w(k) be the first derivative of k**2 + 12*k - 8. List the prime factors of w(z).
2, 3, 5
Suppose 0 = b + 954 - 1416. List the prime factors of b.
2, 3, 7, 11
Suppose -26*g = -29*g + 9. Suppose -g*f = -60 - 480. What are the prime factors of f?
2, 3, 5
Let b = 846 - -219. Suppose 0 = 9*j - b + 327. List the prime factors of j.
2, 41
Let f(n) = -10*n - 23. Let p be f(-3). Let o(k) = 0 + k - 1 + 4*k. What are the prime factors of o(p)?
2, 17
Let y be (-56)/(-21) - (-2)/(-3). Let u(j) = -j + 1. Let f(b) = -b + 6. Let h(n) = f(n) - 5*u(n). What are the prime factors of h(y)?
3
Suppose 0 = -3*g - 132 - 195. Let s = -71 - g. What are the prime factors of s?
2, 19
Let y(l) = -l + 2. Let p be y(-3). Suppose -5*j + 27 = 3*r, -3*j + 19 = 4*r - 17. Let z = r - p. What are the prime factors of z?
2
Let q(h) = 6*h**2 - 9*h. Let g(i) = -2*i + 1. Let x(n) = n. Let c(l) = -g(l) - 3*x(l). Let v(m) = -4*c(m) + q(m). List the prime factors of v(2).
2, 3
List the prime factors of (-3)/((-27)/(-3)) - 1850/(-6).
2, 7, 11
Suppose -4*w = -3*y - 2249, 4*w + 2*y - 1456 = 778. Suppose -2*a = -0*a + 44. List the prime factors of w/55 - (-4)/a.
2, 5
Let z = 2199 - -339. List the prime factors of z.
2, 3, 47
Let v be (-3)/(5/15 - 0). Let y be 172/20 + v/15. Suppose -3*w = -y - 16. What are the prime factors of w?
2
Suppose -2*p + 228 + 320 = 0. What are the prime factors of p?
2, 137
Suppose -3*t + 2*a = -2*t - 3461, -5*a = 3*t - 10405. List the prime factors of 9/4 + -2 - t/(-28).
2, 31
Suppose -2*w - 2*o = 49 + 1, 0 = 2*w - 2*o + 50. Suppose 8*p + 5*j - 180 = 4*p, 0 = -2*j + 8. Let b = p + w. List the prime factors of b.
3, 5
Suppose -s - s = -3*p - 761, -3*p + 4*s - 751 = 0. Let q = -162 - p. What are the prime factors of q?
5, 19
What are the prime factors of (-3)/6 + 1301/2?
2, 5, 13
Suppose 3*z - 8*z = -a - 5107, 0 = -z - 5*a + 1011. List the prime factors of z.
1021
Let u(a) = 10*a**2 - 18*a + 16. List the prime factors of u(7).
2, 5, 19
Let z = -4809 - -8896. List the prime factors of z.
61, 67
Let q = -830 + 1265. List the prime factors of q.
3, 5, 29
Suppose 53*h - 234 = 40*h. What are the prime factors of h?
2, 3
Suppose 4*y - 4520 = -1132. Suppose -i = -5*o + y, -2*i + 6*i = -8. What are the prime factors of o?
13
Suppose -12*i + 15*i - 12 = 0. Suppose i*w + 60 = 4*n, 3*w - 5*n + 20 = -33. Let h = 67 + w. List the prime factors of h.
2, 7
Let n = -269 - -468. What are the prime factors of n?
199
Let o = 132 - -142. What are the prime factors of o?
2, 137
Let h(i) = 10*i**2 - 5*i + 10. Suppose 0 = 5*d + 5*k - 30, -3*k + 9 = -d + k. List the prime factors of h(d).
5, 17
Let w = 10 + -12. List the prime factors of 34 - 0 - (w + -1).
37
List the prime factors of 11 + -11 + 8 + 6.
2, 7
Let n = 352 + 34. Suppose -4*s - 2*x + 260 = 0, -5*s + x = 68 - n. List the prime factors of s.
2
Suppose 0*z = -19*z + 11609. What are the prime factors of z?
13, 47
Suppose 2*l = 0, 790 = 3*m - l - 152. Suppose -u - u = -m. What are the prime factors of u?
157
Let g be 6 + -3*2/3. Suppose 7*o - 593 = 2*o - w, -2*w - 466 = -g*o. What are the prime factors of o?
2, 59
Let w(f) = -f**2 - 6*f + 8. Suppose m + 16 - 1 = -2*h, 0 = h + 3*m + 15. Let x be w(h). What are the prime factors of 182/8 + 2/x?
23
Let a(v) = -2*v**2 - 49*v + 32. What are the prime factors of a(-24)?
2, 7
List the prime factors of (-1 - (-20)/12) + 21717/27.
5, 7, 23
Let b = -54 - -157. Let n = -178 - -127. Let d = b + n. What are the prime factors of d?
2, 13
Suppose -10 = -v - 1. What are the prime factors of (-2 + 2 - -3)*33/v?
11
List the prime factors of 36 + (-4 - (4 - 0)).
2, 7
Let s(n) = -n**2 + 16*n - 5. Let t be s(9). Suppose -x + t = x. What are the prime factors of x?
29
Let v(c) = 14 - 2*c + 5*c + 0. Let h be 9/(45/62) + (-6)/15. List the prime factors of v(h).
2, 5
Let x = 10 + -8. Let l(k) = 5*k**3 - 4*k**2 + 2*k + 2. Let j be l(x). Suppose 4*t - j = 2. What are the prime factors of t?
2
Let f(r) = r**3 - 10*r**2. Let x be f(10). Suppose 3*h - 2*k - 26 = 0, -k + x - 41 = -5*h. Suppose 3*a = h*a - 65. What are the prime factors of a?
13
Let f = -33 + 33. What are the prime factors of (-54)/((-1)/(1 + f))?
2, 3
Let s(o) = o + 6. Let c(d) = 4*d**2 - d + 1. Let k be c(3). Suppose 2*b - 3*m = 27, 0 = b - 4*m + 8 - k. List the prime factors of s(b).
2, 3
Let k = -562 + 910. Let m = -229 + k. Suppose m = 5*x + 14. List the prime factors of x.
3, 7
Let v be 188/(3 - 7) + -1. Let m = v + 71. Let s = m - 9. What are the prime factors of s?
2, 7
Let h = -202 + 288. List the prime factors of h.
2, 43
Suppose 3*s - 3*l + 108 = 0, 3*s + l + 111 = 5*l. Let o = -22 - s. Suppose i - o = 11. List the prime factors of i.
2, 11
Let j(n) = -57*n**3 + 6*n**2 - 3*n - 3. Let d(t) = t**2 - 1. Let i(x) = 5*d(x) - j(x). Let h be i(2). Suppose 4*p - h = -2*p. List the prime factors of p.
2, 19
Let i = 41 + -71. Let h be 1/4 - i/8. Suppose h*n - 136 = -0*n. What are the prime factors of n?
2, 17
Suppose -c + 15 = x + c, -5*c = -25. Suppose 0 = -t + 10 - x. Suppose -2*h + 4*h - 63 = -5*j, -148 = -t*h - 3*j. What are the prime factors of h?
29
Let v(u) = 2*u**3 - 5*u**2 + 6*u - 5. Let z be v(5). Suppose -j + 30 = 3*a, 2*j = -2*j + 3*a + z. List the prime factors of j.
2, 3
Let n(a) = -a**3 - 14*a**2 + 14*a - 13. Let c be n(-15). Suppose 6*r - 135 = -5*j + c*r, 0 = 2*r + 10. What are the prime factors of j?
31
Let y(w) = -1347*w**3 - w**2 + 22*w + 23. What are the prime factors of y(-1)?
3, 449
Suppose -1 = -4*y + 15. Let p = 260 + -257. What are the prime factors of y/p - (-8)/12?
2
Let v(p) = 884*p + 78. Let m(f) = -57*f - 5. Let c(s) = -78*m(s) - 5*v(s). Let h be c(1). Suppose 2*n - 40 = h. List the prime factors of n.
3, 11
Let s(u) = 16*u**2 + 10*u + 1. List the prime factors of s(-6).
11, 47
Suppose 4*g = -17*y + 13*y + 20088, y = 4. What are the prime factors of g?
2, 13, 193
Let h be ((-42)/9*6/(-7))/2. Suppose -5*t + 5*y = -550, h*y + 446 = 4*t - 0*t. List the prime factors of t.
113
Suppose 5*p = -4*u + 13, 4*p = 7*p - 5*u - 30. Suppose -4*r + 2*h + 492 = -224, p*r - 895 = 4*h. What are the prime factors of r?
179
Let m(o) = -o**3 + o**2 + 6*o + 3. Let h be m(-2). Suppose 25 = -j - 4*j, -100 = -c - h*j. What are the prime factors of c?
5, 23
List the prime factors of ((-15)/(-20))/((-7)/(-896)).
2, 3
Suppose 2*g - 4*g + 8 = 0. Let t(d) = d**3 - 3*d**2 + 7*d - 6. List the prime factors of t(g).
2, 19
What are the prime factors of (-31236)/(-36) - (-16)/12?
11, 79
List the prime factors of (-84)/(-378) - (-25351)/9.
3, 313
Suppose 5*o - 27 = -m + 13, -15 = 5*o. List the prime factors of m.
5, 11
Let w be (26/(-15)*3)/(3/(-15)). Let n = 56 - w. List the prime factors of n.
2, 3, 5
Suppos